 Suppose u*v - 5 = 7*v. Let o(w) = -1 - v - 2 + 4 + 2*w. What is o(5)?
6
Let o(q) = 3*q - 4 + 5 - q**2 + 4*q + q + 0*q**2. Let d = 3 + 4. What is o(d)?
8
Suppose d + 25 = 6*d. Let z(y) = -y - 2. Let x(s) = 4*s + 9. Let a(c) = x(c) + 5*z(c). Give a(d).
-6
Let i(z) be the third derivative of z**4/24 + 7*z**3/3 + 85*z**2. Give i(11).
25
Let v(y) = y**3 - 7*y**2 + 14. Let j(u) = u**3 - 6*u**2 - 3*u + 14. Let i(f) = 2*j(f) - 3*v(f). Give i(8).
2
Let p(x) = x + 2 + 4 + x. Let t(n) be the third derivative of -n**4/6 - 13*n**3/6 - 9*n**2. Let i(a) = -7*p(a) - 3*t(a). Give i(-4).
5
Let f(j) be the third derivative of j**7/168 + j**5/120 + j**4/24 - 13*j**3/6 - 12*j**2. Let x(l) be the first derivative of f(l). Determine x(-1).
-5
Let f(h) = h**3 + 7*h**2 - 8*h - 6. Suppose 76*g = 74*g - 16. Calculate f(g).
-6
Let y(c) = -125*c + 66*c - 4 + 57*c + 1. Let b = -12 - -6. Give y(b).
9
Suppose 2*b + 0*c - c - 2 = 0, 0 = 5*b + c - 19. Let x(g) = -4 + 6*g**2 + 17*g**b - 16*g**3 - 4*g - 2*g**2. Determine x(-5).
-9
Suppose -3*m = -5 - 7. Let u(y) be the first derivative of -y**2/2 - 4*y + 773. Determine u(m).
-8
Suppose w + 5 = 3*h - 9, 5*h = 3*w + 30. Suppose 0 = s - 0*q - 3*q, 0 = -h*s + 2*q + 35. Suppose r = -4*r + s. Let x(o) = -o**2 + 3*o + 3. Determine x(r).
3
Let n(j) = j**2 - 3*j - 3. Let a(p) = 2*p**2 - 7*p - 5. Let q(u) = -3*a(u) + 5*n(u). Suppose 0 = 3*m - z - 27, -m + 2 - 7 = 2*z. Calculate q(m).
-7
Let w(d) be the first derivative of d**3/3 + 2*d + 88. Give w(-5).
27
Let n(p) = -3*p**2 - 35*p + 47. Let d be n(-13). Let i(a) = 2*a - 11. Calculate i(d).
-21
Let z(m) be the third derivative of -m**5/20 + m**4/8 + 5*m**3/3 + 8*m**2. Let j(w) = 3*w**2 - 2*w - 9. Let k(a) = -7*j(a) - 6*z(a). Give k(-4).
-29
Let g(j) = -4*j + 18. Let m be g(-9). Suppose 50*y - 20 = m*y. Let q(s) = -2*s - 7. What is q(y)?
3
Suppose 4*h - 41 = 3. Let r(t) = -t + 2 + h*t - 3*t - t**2. Give r(5).
12
Suppose 18 = h - 0*h + 4*j, -4*h - 28 = -4*j. Suppose -35 = -3*x - 2*x. Let v(i) = 6. Let l(w) = w + 11. Let f(y) = x*v(y) - 4*l(y). Give f(h).
6
Let z(d) be the first derivative of -d**2/2 + 3*d + 1. Give z(5).
-2
Let v(d) = 4*d**2 + 2 + 4*d**3 - 3*d**2 - 1 - 3*d**3. What is v(-2)?
-3
Let y(u) be the third derivative of u**4/8 - u**3/6 - 24*u**2 - 2*u. Let f(q) = 2*q. Let w = 8 + -5. Let b(l) = w*y(l) - 5*f(l). Give b(-2).
-1
Let g(y) = y**3 + 5*y**2 + 2*y - 11. Let d be g(-4). Let r(z) = z**3 + 2*z**2 - z + 4. What is r(d)?
-2
Let g(m) = -3*m**3 + 2*m + 5. Let r(v) = -7*v**3 - v**2 + 3*v + 10. Let h = 3 - -2. Let u(y) = h*g(y) - 2*r(y). Calculate u(4).
-11
Suppose 0 = -g - 4*b - 18, 8*g + 39 = 4*g - 5*b. Let n(a) = a**3 + 6*a**2 + 3*a - 6. Give n(g).
-24
Suppose -1 = 3*h - 2*x, 4*h = -h - x + 7. Let p(y) = 3 - 29*y + 28*y - 1 - 1. What is p(h)?
0
Let d(l) = 2*l**2 + 2*l - 8. Suppose -41*k + 31*k - 60 = 0. Give d(k).
52
Let g(k) = -k + 4. Let h be g(7). Let y(j) = -j**2 - 1. What is y(h)?
-10
Let c(t) = 3*t - 4. Let l be c(3). Let f(u) = 43*u + 13. Let a(q) = 11*q + 1. Let d(n) = 4*a(n) - f(n). Calculate d(l).
-4
Suppose 0 = o + 2*h - 12, -8*o - 12 = -6*o - 5*h. Let v = o + -3. Let r(s) = -3*s - s + s - v - 1. What is r(-5)?
13
Let f(d) = d + 4. Let u be f(-3). Let b(s) = 10*s + 45. Let o(h) = -h - 4. Let y be (-2 + 0)/(5/(-10)). Let q(t) = y*b(t) + 45*o(t). Give q(u).
-5
Let g(y) be the first derivative of y**4/4 - 10*y**3/3 + 9*y**2/2 - y - 164. Give g(9).
-1
Let i = 1 + 7. Suppose -i*k = -4*k. Let n(d) = -d**2 + 3*d**2 + 2 + k*d**2 + 6*d. Determine n(-4).
10
Let t(q) = 2*q**2 + 9*q - 5 + 10 + 3*q - q**2. Determine t(-12).
5
Suppose 7*x - 103 + 40 = 0. Let j(y) = -y**2 + 141*y**3 + 29 - 142*y**3 - x. Determine j(0).
20
Let b = 64 + -60. Suppose 2*v - 4 = -3*o - 10, -v - 2*o - b = 0. Let m(j) = -j + 3. Determine m(v).
3
Let k(c) = -10*c**3 + 2*c**2 - 1. Let l = 64 - 65. Determine k(l).
11
Let h(p) = -p**3 - 1. Let l(c) = -c**2 - 3*c - 16. Let v be l(-7). Let w be v/6 + (-10)/(-30). Let d be (-10)/(-2) - (-3 - w). Give h(d).
-2
Let p = 66 + -66. Suppose 77*y - 75*y - 12 = p. Let h(j) = j**3 - 7*j**2 + 4*j + 6. Determine h(y).
-6
Let m(d) = -d + 2. Let f(g) = 2*g - 2. Let x(k) = 2*f(k) + 2*m(k). Calculate x(-6).
-12
Suppose -5*h - h - 78 = 0. Let g(m) = 2*m + 8. Give g(h).
-18
Let i(c) be the second derivative of c**4/12 + 5*c**3/6 - 7*c**2/2 + 3*c + 7. What is i(-6)?
-1
Let t(a) = -2*a**2 - 3*a + 1. Let c be t(-1). Let n(x) = -3 + 0 - 4 + c*x + 3. Determine n(4).
4
Suppose -1 = -4*x - b + 5, 4*x = -4*b. Suppose -m + 2*m = x. Suppose 0 = -2*l + 4*s + 8, m*s - 3*s = 2*l + 7. Let y(i) = -i**2 + 3*i + 3. Calculate y(l).
-7
Suppose 7*f - 40 = 2. Suppose 7*v + 91 = -f*v. Let k(i) = 3*i + 3. Calculate k(v).
-18
Let q be -5 - -1 - (4 - 2). Let j(n) = -2*n + 6*n - 2*n + 8 + n. Calculate j(q).
-10
Let b(f) = 6*f**3 + 15*f**2 + 6*f + 6. Let d(p) = p**3 + 3*p**2 + p + 1. Let y(s) = -2*b(s) + 11*d(s). Let u(o) = -o - 8. Let k be u(-11). Determine y(k).
-4
Let j(r) be the first derivative of -r**2 - 37*r + 852. What is j(-15)?
-7
Let m(o) be the second derivative of o**3/2 - 3*o**2/2 - 122*o - 6. Suppose 0 = s - 2*s - 4. Calculate m(s).
-15
Let x(l) be the second derivative of 0 + 1/3*l**4 + 1/3*l**3 + 1/20*l**5 + 11*l - l**2. What is x(-3)?
1
Let r(u) be the third derivative of 1/120*u**5 + 0 - 2/3*u**3 - 6*u**2 - 1/4*u**4 + 0*u. Let b(j) be the first derivative of r(j). What is b(6)?
0
Let s(x) = -13*x + 3 - 12*x - 17*x + 0 + 39*x. Suppose -9 = -4*z + 3. Give s(z).
-6
Suppose -9*c = -28 + 19. Let w(o) = o**2 - 3*o + 1. Give w(c).
-1
Let s(a) = a**3 + 3*a**2 + a - 4. Let k(o) be the second derivative of o**3/3 + o**2/2 - 3*o. Let h be k(-5). Let t = h - -6. Determine s(t).
-7
Let b(s) = s**3 + s**2 - 4*s + 1. Let o(v) = v**2 - 5*v - 36. Let z be o(11). Let h = 27 - z. Give b(h).
-5
Let q(w) be the second derivative of -w**6/360 + w**5/40 + w**4/4 + w. Let a(j) be the third derivative of q(j). Suppose -16*h = -18*h - 6. Calculate a(h).
9
Let x(j) = 4*j**2 + j**3 - 80 + 43 + 36. What is x(-5)?
-26
Let g(z) = 3*z**3 + 7*z**2 - 6*z - 3. Let m(f) = 4*f**3 + 8*f**2 - 7*f - 3. Let o(p) = 5*g(p) - 4*m(p). Suppose 19 + 11 = 10*x. What is o(x)?
-9
Let k(j) = -j - 9. Let a = -35 - -67. Let f = a - 39. Give k(f).
-2
Let o = 31 + -111. Let h be 2/(-9) - (o/36 - -1). Let p(x) = -4*x - 1. Give p(h).
-5
Let q(k) = -k**2 + 2*k - 4. Suppose 4*u = 3*g + 6, u = -2*g + 7*g - 7. Give q(u).
-7
Let c(x) be the first derivative of -x**3/6 + 3*x**2 - x + 1. Let k(s) be the first derivative of c(s). Let t = -3 - -3. Calculate k(t).
6
Let g(b) = 34*b - 78*b + 63*b. What is g(1)?
19
Suppose -2 = 3*p - 8. Let w(v) = 1 + 2*v**2 + 6*v**3 - v**3 + p*v**2 + v - 3*v**2. Give w(-1).
-4
Let p = -40 - -40. Let b be (p - -7)*(2 - 3). Let w(g) = -2*g - 10. Determine w(b).
4
Let t(z) be the first derivative of z**4/4 - 4*z**3/3 - 7*z**2/2 - z + 392. Give t(5).
-11
Let n(j) = j**3 + 9*j**2 + 10*j + 12. Let z be (1 - 4)/(1/(-3)). Suppose 2*i = -z - 7. Give n(i).
-4
Let j(p) = -5*p**3 - 7*p**2 - 13*p - 3. Let x(w) = -2*w**3 - 3*w**2 - 6*w - 1. Let q be 8/(-28) + 3/(42/(-38)). Let f(k) = q*j(k) + 7*x(k). Determine f(2).
4
Suppose -2*s + 6 = 0, 2*s = -3*c + c + 6. Let h(g) = -2 + 3*g + 1 - g**2 + c*g**2 - 3. Determine h(5).
-14
Let r(s) = -4*s**2 - 10*s + 16*s - 14*s + 5 + 6*s**2. What is r(5)?
15
Let p be 244/(-28) - 4/14. Let c = p + 7. Let a(w) = -2*w**3 - 2*w**2 + w - 2. Let k be a(c). Let j(d) = d**2 - 4*d + 2. Give j(k).
2
Let x(p) = 11*p**2 - 17*p - 3. Let b(q) = 5*q**2 - 8*q - 1. Let j(c) = 13*b(c) - 6*x(c). Suppose 0 = 5*u - 5*z + 45, -7*u = -3*u + 3*z + 1. Determine j(u).
-3
Let z(b) be the third derivative of -1/120*b**6 + 5/6*b**3 + 0*b + 0 + 1/6*b**4 + 1/12*b**5 + 6*b**2. Calculate z(6).
-7
Let r(p) be the first derivative of p**4/4 - 5*p**3/3 + 3*p**2/2 - 2*p - 3. Let o(c) = -12*c - 116. Let t be o(-10). What is r(t)?
-6
Let l(g) = 4*g - 5*g - 4*g + 1. Suppose -d + 5*o + 19 = 2*d, 2*d - o - 8 = 0. Suppose b - 14 = -5*p, p - d = -3*b + 11. Calculate l(p).
-9
Let j = -84 - -84. Let n(s) = s + 7. Let h(f) = 1. Let m(o) = 2*h(o) - n(o). Calculate m(j).
-5
Let y be -2 - (1 + 3) - -11. Let s(w) be the first derivative of -2 - 7*w + 1/3*w**3 - 5/2*w**2. Determine s(y).
-7
Let k(v) be the second derivative of -2*v**5/5 + v**4/6